vided by 24.
1
What is the remainder when 99 is divided by 13?
8
Calculate the remainder when 108 is divided by 35.
3
What is the remainder when 320 is divided by 77?
12
Calculate the remainder when 217 is divided by 27.
1
Calculate the remainder when 44203 is divided by 105.
103
Calculate the remainder when 178 is divided by 24.
10
Calculate the remainder when 45 is divided by 37.
8
What is the remainder when 5793 is divided by 1928?
9
Calculate the remainder when 5097 is divided by 150.
147
Calculate the remainder when 108 is divided by 8.
4
Calculate the remainder when 824 is divided by 138.
134
What is the remainder when 452 is divided by 7?
4
What is the remainder when 10439 is divided by 435?
434
Calculate the remainder when 957 is divided by 7.
5
Calculate the remainder when 196 is divided by 35.
21
What is the remainder when 225 is divided by 77?
71
What is the remainder when 3518 is divided by 80?
78
Calculate the remainder when 263 is divided by 14.
11
Calculate the remainder when 1184 is divided by 145.
24
Calculate the remainder when 1167 is divided by 73.
72
What is the remainder when 1869 is divided by 84?
21
Calculate the remainder when 290 is divided by 56.
10
What is the remainder when 627 is divided by 42?
39
What is the remainder when 70 is divided by 66?
4
What is the remainder when 104 is divided by 30?
14
What is the remainder when 109 is divided by 19?
14
Calculate the remainder when 354 is divided by 40.
34
What is the remainder when 820 is divided by 46?
38
What is the remainder when 128 is divided by 69?
59
What is the remainder when 350 is divided by 39?
38
Calculate the remainder when 442 is divided by 11.
2
Calculate the remainder when 969 is divided by 195.
189
What is the remainder when 452 is divided by 430?
22
Calculate the remainder when 15064 is divided by 81.
79
Calculate the remainder when 854 is divided by 8.
6
What is the remainder when 473 is divided by 196?
81
What is the remainder when 198 is divided by 125?
73
What is the remainder when 115 is divided by 4?
3
Calculate the remainder when 2698 is divided by 54.
52
What is the remainder when 107 is divided by 77?
30
Calculate the remainder when 166 is divided by 104.
62
Calculate the remainder when 429 is divided by 127.
48
What is the remainder when 651 is divided by 197?
60
What is the remainder when 782 is divided by 125?
32
What is the remainder when 429 is divided by 109?
102
What is the remainder when 341 is divided by 128?
85
Calculate the remainder when 1075 is divided by 74.
39
Calculate the remainder when 6475 is divided by 158.
155
What is the remainder when 475 is divided by 34?
33
What is the remainder when 1296 is divided by 264?
240
Calculate the remainder when 146 is divided by 11.
3
Calculate the remainder when 650 is divided by 634.
16
What is the remainder when 246 is divided by 80?
6
What is the remainder when 23 is divided by 3?
2
What is the remainder when 251 is divided by 100?
51
What is the remainder when 46 is divided by 6?
4
Calculate the remainder when 188 is divided by 24.
20
What is the remainder when 516 is divided by 25?
16
Calculate the remainder when 767 is divided by 192.
191
What is the remainder when 91 is divided by 24?
19
Calculate the remainder when 205 is divided by 30.
25
What is the remainder when 1790 is divided by 438?
38
Calculate the remainder when 1060 is divided by 6.
4
Calculate the remainder when 1136 is divided by 376.
8
Calculate the remainder when 117 is divided by 49.
19
What is the remainder when 1051 is divided by 18?
7
What is the remainder when 563 is divided by 199?
165
Calculate the remainder when 447 is divided by 114.
105
What is the remainder when 131 is divided by 62?
7
Calculate the remainder when 109 is divided by 14.
11
What is the remainder when 1236 is divided by 86?
32
Calculate the remainder when 1481 is divided by 7.
4
What is the remainder when 19763 is divided by 36?
35
What is the remainder when 1018 is divided by 146?
142
Calculate the remainder when 165 is divided by 115.
50
Calculate the remainder when 28 is divided by 25.
3
Calculate the remainder when 1960 is divided by 164.
156
What is the remainder when 487 is divided by 49?
46
Calculate the remainder when 253 is divided by 17.
15
What is the remainder when 336 is divided by 18?
12
Calculate the remainder when 40 is divided by 6.
4
Calculate the remainder when 113 is divided by 4.
1
Calculate the remainder when 80 is divided by 38.
4
What is the remainder when 552 is divided by 181?
9
What is the remainder when 85 is divided by 31?
23
Calculate the remainder when 653 is divided by 47.
42
Calculate the remainder when 3292 is divided by 27.
25
Calculate the remainder when 503 is divided by 51.
44
What is the remainder when 394 is divided by 20?
14
Calculate the remainder when 1298 is divided by 145.
138
What is the remainder when 15976 is divided by 94?
90
What is the remainder when 59 is divided by 19?
2
What is the remainder when 39 is divided by 9?
3
Calculate the remainder when 7096 is divided by 142.
138
What is the remainder when 1681 is divided by 110?
31
Calculate the remainder when 304 is divided by 103.
98
What is the remainder when 219 is divided by 72?
3
Calculate the remainder when 91 is divided by 22.
3
Calculate the remainder when 97 is divided by 23.
5
What is the remainder when 87 is divided by 20?
7
What is the remainder when 5047 is divided by 89?
63
What is the remainder when 387 is divided by 79?
71
Calculate the remainder when 311 is divided by 39.
38
Calculate the remainder when 12307 is divided by 34.
33
What is the remainder when 582 is divided by 53?
52
What is the remainder when 198 is divided by 38?
8
What is the remainder when 9131 is divided by 29?
25
Calculate the remainder when 59 is divided by 57.
2
What is the remainder when 325 is divided by 83?
76
What is the remainder when 1746 is divided by 23?
21
What is the remainder when 36 is divided by 3?
0
Calculate the remainder when 61 is divided by 32.
29
What is the remainder when 4497 is divided by 125?
122
Calculate the remainder when 454 is divided by 65.
64
Calculate the remainder when 418 is divided by 35.
33
Calculate the remainder when 303 is divided by 206.
97
What is the remainder when 3717 is divided by 15?
12
What is the remainder when 1198 is divided by 30?
28
Calculate the remainder when 337 is divided by 19.
14
Calculate the remainder when 75 is divided by 13.
10
Calculate the remainder when 542 is divided by 11.
3
Calculate the remainder when 1922 is divided by 52.
50
Calculate the remainder when 251 is divided by 34.
13
What is the remainder when 510 is divided by 104?
94
Calculate the remainder when 78 is divided by 48.
30
What is the remainder when 48 is divided by 15?
3
What is the remainder when 83 is divided by 51?
32
Calculate the remainder when 90 is divided by 57.
33
What is the remainder when 369 is divided by 128?
113
What is the remainder when 762 is divided by 45?
42
What is the remainder when 2135 is divided by 50?
35
What is the remainder when 126 is divided by 32?
30
Calculate the remainder when 5433 is divided by 18.
15
What is the remainder when 138 is divided by 76?
62
Calculate the remainder when 1132 is divided by 18.
16
Calculate the remainder when 3253 is divided by 192.
181
Calculate the remainder when 187 is divided by 13.
5
Calculate the remainder when 101 is divided by 55.
46
Calculate the remainder when 11091 is divided by 258.
255
What is the remainder when 214 is divided by 23?
7
Calculate the remainder when 168 is divided by 60.
48
What is the remainder when 288 is divided by 68?
16
Calculate the remainder when 52 is divided by 10.
2
What is the remainder when 547 is divided by 257?
33
Calculate the remainder when 392 is divided by 21.
14
What is the remainder when 24 is divided by 9?
6
What is the remainder when 82 is divided by 65?
17
What is the remainder when 592 is divided by 18?
16
What is the remainder when 69 is divided by 59?
10
Calculate the remainder when 43 is divided by 22.
21
Calculate the remainder when 15614 is divided by 23.
20
Calculate the remainder when 1059 is divided by 263.
7
Calculate the remainder when 73 is divided by 5.
3
What is the remainder when 239 is divided by 